{"id":8,"date":"2014-09-11T16:44:21","date_gmt":"2014-09-11T14:44:21","guid":{"rendered":"http:\/\/disline.de\/?page_id=8"},"modified":"2021-06-22T02:37:05","modified_gmt":"2021-06-22T00:37:05","slug":"ueber-uns","status":"publish","type":"page","link":"https:\/\/disline.de\/?page_id=8","title":{"rendered":"\u00dcber uns"},"content":{"rendered":"<h1>\u00dcber uns<\/h1>\n<p><a href=\"http:\/\/www.uhlekommunikation.de\/\" target=\"_blank\" rel=\"noopener\">UHLE KOMMUNIKATION<\/a> ist eine Full Service-Agentur, die ihre Kunden seit vielen Jahren ganzheitlich ber\u00e4t. Bis hin zur M\u00f6blierung der Gesch\u00e4ftsr\u00e4ume mit Displays und Theken. Die Entwickler der <a href=\"http:\/\/disline.de\/oldstuff\/disline\/disline.html\">DL-Produkte<\/a> sind Profis sowohl beim station\u00e4ren Einsatz von Displays im Handel, in B\u00fcros und Praxen sowie mobil auf mehr als 100 Veranstaltungen.<\/p>\n<p>Wir freuen uns \u00fcber Mails an<\/p>\n<p><a title=\"E-Mail-Adresse\" href=\"mailto:info@uk-agentur.de\">info\u2202uk-agentur.de<\/a><\/p>\n<p>oder Calls an +49 221 374006<\/p>\n","protected":false},"excerpt":{"rendered":"<p>\u00dcber uns UHLE KOMMUNIKATION ist eine Full Service-Agentur, die ihre Kunden seit vielen Jahren ganzheitlich ber\u00e4t. Bis hin zur M\u00f6blierung der Gesch\u00e4ftsr\u00e4ume mit Displays und Theken. Die Entwickler der DL-Produkte sind Profis sowohl beim station\u00e4ren Einsatz von Displays im Handel, in B\u00fcros und Praxen sowie mobil auf mehr als 100 Veranstaltungen. Wir freuen uns \u00fcber [&hellip;]<\/p>\n","protected":false},"author":1,"featured_media":0,"parent":0,"menu_order":2,"comment_status":"open","ping_status":"open","template":"","meta":[],"_links":{"self":[{"href":"https:\/\/disline.de\/index.php?rest_route=\/wp\/v2\/pages\/8"}],"collection":[{"href":"https:\/\/disline.de\/index.php?rest_route=\/wp\/v2\/pages"}],"about":[{"href":"https:\/\/disline.de\/index.php?rest_route=\/wp\/v2\/types\/page"}],"author":[{"embeddable":true,"href":"https:\/\/disline.de\/index.php?rest_route=\/wp\/v2\/users\/1"}],"replies":[{"embeddable":true,"href":"https:\/\/disline.de\/index.php?rest_route=%2Fwp%2Fv2%2Fcomments&post=8"}],"version-history":[{"count":3,"href":"https:\/\/disline.de\/index.php?rest_route=\/wp\/v2\/pages\/8\/revisions"}],"predecessor-version":[{"id":151,"href":"https:\/\/disline.de\/index.php?rest_route=\/wp\/v2\/pages\/8\/revisions\/151"}],"wp:attachment":[{"href":"https:\/\/disline.de\/index.php?rest_route=%2Fwp%2Fv2%2Fmedia&parent=8"}],"curies":[{"name":"wp","href":"https:\/\/api.w.org\/{rel}","templated":true}]}}