{"id":33,"date":"2014-09-11T16:51:23","date_gmt":"2014-09-11T14:51:23","guid":{"rendered":"http:\/\/disline.de\/?page_id=33"},"modified":"2014-10-03T13:00:36","modified_gmt":"2014-10-03T11:00:36","slug":"dl4","status":"publish","type":"page","link":"https:\/\/disline.de\/?page_id=33","title":{"rendered":"DL4"},"content":{"rendered":"<div class=\"odreieck\" style=\"top: -60px; left: 225px;\"><\/div>\n<div class=\"bdreieck\" style=\"top: -30px; left: 50px;\"><\/div>\n<h1>DIS:line<\/h1>\n<p>Dl-4 fixed solo \u2013 die kompakte Wandl\u00f6sung am PoS<\/p>\n<div><a href=\"http:\/\/disline.de\/oldstuff\/disline\/images\/disline-D4-e.jpg\" rel=\"lightbox[roadtrip]\"><img decoding=\"async\" src=\"http:\/\/disline.de\/oldstuff\/disline\/images\/disline-D4-e-th.jpg\" alt=\"DISline DL-4\" \/><\/a> <a href=\"http:\/\/disline.de\/oldstuff\/disline\/images\/disline-D4-d.jpg\" rel=\"lightbox[roadtrip]\"><img decoding=\"async\" src=\"http:\/\/disline.de\/oldstuff\/disline\/images\/disline-D4-d-th.jpg\" alt=\"DISline DL-4\" \/><\/a><\/div>\n<p>Das neue Modell Dl-4 fixed solo von DIS:line eignet sich wie die anderen Modelle aus der Dl-Serie hervorragend f\u00fcr den station\u00e4ren Einsatz am PoS oder PoI. Fixed hei\u00dft das Modell deshalb, weil es an W\u00e4nden befestigt oder aufgeh\u00e4ngt wird. Das ist platzsparend und empfiehlt sich f\u00fcr selbst kleinste Wartezonen oder Verkaufsr\u00e4ume. Selbst bei kleinsten Pr\u00e4sentationszonen auf Messen etc. ist dieses Element sehr gut einsetzbar. Fixed solo bedeutet, dass dieses Modell ohne weitere Module verwendet wird. Am Kopf des Displays befindet sich ein Topschild, das unmittelbar mit Folie beschriftet werden kann bzw. auf dem mit einem Folientr\u00e4ger austauschbare Plakate befestigt werden k\u00f6nnen.<\/p>\n<p>Das Treppendisplay\/die Zeitungsleiter ist rundum solide verarbeitet und stabil, dennoch sehr leicht zu montieren und transportf\u00e4hig. Es leistet sehr gute Dienste bei der Pr\u00e4sentation Zeitschriften und Brosch\u00fcren.<\/p>\n<h1>Die Varianten:<\/h1>\n<p>Standardm\u00e4\u00dfig haben wir uns f\u00fcr silber-farbenes Alu-Finish als Farbe entschieden, da es ebenso edel wie elegant und zeitlos wirkt. Einige andere Farben sind auf Wunsch m\u00f6glich (gegen geringen Aufpreis). Au\u00dferdem ist Dl-4 fixed solo auch in anderen Abmessungen bestellbar (Preise auf Anfrage).<\/p>\n<h1>Die Ma\u00dfe (in cm):<\/h1>\n<ul>\n<li>Treppendisplay\/Zeitungsleiter mit Topper (Topperma\u00dfe: 45 b x 22 h) 45 b x 150 h x 14 t<\/li>\n<\/ul>\n<h1>Der Preis:<\/h1>\n<ul>\n<li>Treppendisplay\/Zeitungsleiter mit Topper 87 EURO netto<\/li>\n<\/ul>\n<p>Gewicht: ca. 10 kg<\/p>\n<p>(der Preis versteht sich zzgl. gesetzlicher MwSt.)<\/p>\n<h1>Der Versand:<\/h1>\n<p>18,50 \u20ac netto \u00fcber DPD<\/p>\n<p>(zzgl. gesetzlicher MwSt.)<\/p>\n<h1>Die Lieferzeit:<\/h1>\n<p>ca. 2 &#8211; 3 Wochen<\/p>\n<h1><\/h1>\n<p>Made in Germany<\/p>\n<p>&nbsp;<\/p>\n<p>Bitte bestellen Sie per E-Mail oder Telefon:<\/p>\n<p><a title=\"E-Mail-Adresse\" href=\"mailto:info@uk-agentur.de\">info\u2202uk-agentur.de<\/a><\/p>\n<p>Tel.: +49 221 374006<\/p>\n","protected":false},"excerpt":{"rendered":"<p>DIS:line Dl-4 fixed solo \u2013 die kompakte Wandl\u00f6sung am PoS Das neue Modell Dl-4 fixed solo von DIS:line eignet sich wie die anderen Modelle aus der Dl-Serie hervorragend f\u00fcr den station\u00e4ren Einsatz am PoS oder PoI. Fixed hei\u00dft das Modell deshalb, weil es an W\u00e4nden befestigt oder aufgeh\u00e4ngt wird. Das ist platzsparend und empfiehlt sich [&hellip;]<\/p>\n","protected":false},"author":1,"featured_media":0,"parent":14,"menu_order":4,"comment_status":"open","ping_status":"open","template":"","meta":[],"_links":{"self":[{"href":"https:\/\/disline.de\/index.php?rest_route=\/wp\/v2\/pages\/33"}],"collection":[{"href":"https:\/\/disline.de\/index.php?rest_route=\/wp\/v2\/pages"}],"about":[{"href":"https:\/\/disline.de\/index.php?rest_route=\/wp\/v2\/types\/page"}],"author":[{"embeddable":true,"href":"https:\/\/disline.de\/index.php?rest_route=\/wp\/v2\/users\/1"}],"replies":[{"embeddable":true,"href":"https:\/\/disline.de\/index.php?rest_route=%2Fwp%2Fv2%2Fcomments&post=33"}],"version-history":[{"count":7,"href":"https:\/\/disline.de\/index.php?rest_route=\/wp\/v2\/pages\/33\/revisions"}],"predecessor-version":[{"id":110,"href":"https:\/\/disline.de\/index.php?rest_route=\/wp\/v2\/pages\/33\/revisions\/110"}],"up":[{"embeddable":true,"href":"https:\/\/disline.de\/index.php?rest_route=\/wp\/v2\/pages\/14"}],"wp:attachment":[{"href":"https:\/\/disline.de\/index.php?rest_route=%2Fwp%2Fv2%2Fmedia&parent=33"}],"curies":[{"name":"wp","href":"https:\/\/api.w.org\/{rel}","templated":true}]}}