{"id":23,"date":"2014-09-11T16:48:41","date_gmt":"2014-09-11T14:48:41","guid":{"rendered":"http:\/\/disline.de\/?page_id=23"},"modified":"2014-10-03T13:01:40","modified_gmt":"2014-10-03T11:01:40","slug":"acryl","status":"publish","type":"page","link":"https:\/\/disline.de\/?page_id=23","title":{"rendered":"Acryl + Styrol"},"content":{"rendered":"<div class=\"odreieck\" style=\"top: -60px; left: 225px;\"><\/div>\n<h1>Acryl + Styrol<\/h1>\n<p>Aufsteller haben eine erhebliche Bedeutung bei der Pr\u00e4sentation von Druckerzeugnissen. Ihre Einsatzm\u00f6glichkeiten sind vielf\u00e4ltig: in Handreichweite vor Eingangst\u00fcren als Wand-Boxen mit regensicherer Klappe f\u00fcr Flyer, als Aufsteller auf Tresen oder Besprechungstischen f\u00fcr Brosch\u00fcren, Folder und Flyer und und und.<\/p>\n<p>Die Artikel bestehen aus Polyacryl bzw. Polystyrol. Das Motto bei der Produktion: funktionelles und elegantes Design sowie lange Lebensdauer.<\/p>\n<div><a title=\"Acryl Display\" href=\"http:\/\/disline.de\/oldstuff\/disline\/images\/acryl\/acryl2.jpg\" rel=\"lightbox[roadtrip]\"><img decoding=\"async\" src=\"http:\/\/disline.de\/oldstuff\/disline\/images\/acryl\/acryl2-th.jpg\" alt=\"Acryl Display\" \/><\/a> <a title=\"Acryl Display\" href=\"http:\/\/disline.de\/oldstuff\/disline\/images\/acryl\/acryl3.jpg\" rel=\"lightbox[roadtrip]\"><img decoding=\"async\" src=\"http:\/\/disline.de\/oldstuff\/disline\/images\/acryl\/acryl3-th.jpg\" alt=\"Acryl Display\" \/><\/a><a title=\"Acryl Display\" href=\"http:\/\/disline.de\/oldstuff\/disline\/images\/acryl\/acryl4.jpg\" rel=\"lightbox[roadtrip]\"><img decoding=\"async\" src=\"http:\/\/disline.de\/oldstuff\/disline\/images\/acryl\/acryl4-th.jpg\" alt=\"Acryl Display\" \/><\/a> <a title=\"Acryl Display\" href=\"http:\/\/disline.de\/oldstuff\/disline\/images\/acryl\/acryl5.jpg\" rel=\"lightbox[roadtrip]\"><img decoding=\"async\" src=\"http:\/\/disline.de\/oldstuff\/disline\/images\/acryl\/acryl5-th.jpg\" alt=\"Acryl Display\" \/><\/a><a title=\"Acryl Display\" href=\"http:\/\/disline.de\/oldstuff\/disline\/images\/acryl\/acryl6.jpg\" rel=\"lightbox[roadtrip]\"><img decoding=\"async\" src=\"http:\/\/disline.de\/oldstuff\/disline\/images\/acryl\/acryl6-th.jpg\" alt=\"Acryl Display\" \/><\/a><\/p>\n<h1>&#8212;&#8212;&#8212;&#8212;&#8212;&#8212; Prospektboxen &#8212;&#8212;&#8212;&#8212;&#8212;&#8212;<\/h1>\n<p>&#8212;&#8212;&#8212;&#8212;&#8212;&#8212;&#8212;&#8212;&#8212;&#8212;&#8212;&#8212;- Prospektbox 1 &#8212;&#8212;&#8212;&#8212;&#8212;&#8212;&#8212;&#8212;&#8212;&#8212;&#8212;&#8212;-<\/p>\n<p><a title=\"Acryl Display\" href=\"http:\/\/disline.de\/oldstuff\/disline\/images\/acryl\/kleines-display-2.jpg\" rel=\"lightbox[roadtrip]\"><img decoding=\"async\" src=\"http:\/\/disline.de\/oldstuff\/disline\/images\/acryl\/kleines-display-2-th.jpg\" alt=\"Acryl Display\" \/><\/a> <a title=\"Acryl Display\" href=\"http:\/\/disline.de\/oldstuff\/disline\/images\/acryl\/kleines-display-2-b.jpg\" rel=\"lightbox[roadtrip]\"><img decoding=\"async\" src=\"http:\/\/disline.de\/oldstuff\/disline\/images\/acryl\/kleines-display-2-b-th.jpg\" alt=\"Acryl Display\" \/><\/a><a title=\"Acryl Display\" href=\"http:\/\/disline.de\/oldstuff\/disline\/images\/acryl\/kleines-display-2-c.jpg\" rel=\"lightbox[roadtrip]\"><img decoding=\"async\" src=\"http:\/\/disline.de\/oldstuff\/disline\/images\/acryl\/kleines-display-2-c-th.jpg\" alt=\"Acryl Display\" \/><\/a><\/p>\n<p>Die Prospektbox 1 mit Deckel ist aus Polyacryl, wetterbest\u00e4ndig und UV-best\u00e4ndig. Das Format ist DIN lang und eignet sich hervorragend f\u00fcr Flyer und Folder. Die Prospektbox kann per D\u00fcbel\u00a0oder mit Klebestreifen befestigt werden (nicht im Lieferumfang).<\/p>\n<p>Das Format: innen 110 b x 210\u00a0h\u00a0x 47 t mm<\/p>\n<p>Der Preis bei Einzelabnahme: 28,30 EURO netto<\/p>\n<p>Versand bei Einzelabnahme: als P\u00e4ckchen per DHL<\/p>\n<p>&#8212;&#8212;&#8212;&#8212;&#8212;&#8212;&#8212;&#8212;&#8212;&#8212;&#8212;&#8212;- Prospektbox 2 &#8212;&#8212;&#8212;&#8212;&#8212;&#8212;&#8212;&#8212;&#8212;&#8212;&#8212;&#8212;-<\/p>\n<p><a title=\"Acryl Display\" href=\"http:\/\/disline.de\/oldstuff\/disline\/images\/acryl\/kleines-display-1.jpg\" rel=\"lightbox[roadtrip]\"><img decoding=\"async\" src=\"http:\/\/disline.de\/oldstuff\/disline\/images\/acryl\/kleines-display-1-th.jpg\" alt=\"Acryl Display\" \/><\/a> <a title=\"Acryl Display\" href=\"http:\/\/disline.de\/oldstuff\/disline\/images\/acryl\/kleines-display-1-b.jpg\" rel=\"lightbox[roadtrip]\"><img decoding=\"async\" src=\"http:\/\/disline.de\/oldstuff\/disline\/images\/acryl\/kleines-display-1-b-th.jpg\" alt=\"Acryl Display\" \/><\/a><a title=\"Acryl Display\" href=\"http:\/\/disline.de\/oldstuff\/disline\/images\/acryl\/kleines-display-1-c.jpg\" rel=\"lightbox[roadtrip]\"><img decoding=\"async\" src=\"http:\/\/disline.de\/oldstuff\/disline\/images\/acryl\/kleines-display-1-c-th.jpg\" alt=\"Acryl Display\" \/><\/a> <a title=\"Acryl Display\" href=\"http:\/\/disline.de\/oldstuff\/disline\/images\/acryl\/acryl9.jpg\" rel=\"lightbox[roadtrip]\"><img decoding=\"async\" src=\"http:\/\/disline.de\/oldstuff\/disline\/images\/acryl\/acryl9-th.jpg\" alt=\"Acryl Display\" \/><\/a><\/p>\n<\/div>\n<p>&nbsp;<\/p>\n<p>Die Prospektbox 2 mit Deckel\u00a0ist aus Polystyrol und wetterbest\u00e4ndig. Das Format ist DIN lang und eignet sich hervorragend f\u00fcr Flyer und Folder.\u00a0Die Prospektbox kann per D\u00fcbel\u00a0oder mit Klebestreifen an W\u00e4nden befestigt werden (nicht im Lieferumfang).\u00a0 Au\u00dferdem liefern wir sie Ihnen mit Haltern, die sich bei dieser flachen Box f\u00fcr das Einh\u00e4ngen in Autofenster eignen.<\/p>\n<p>Das Format: innen 110 b x 210\u00a0h\u00a0x 47 t mm<\/p>\n<p>Der Preis bei Einzelabnahme: 10,60 EURO netto<\/p>\n<p>Versand bei Einzelabnahme: als P\u00e4ckchen per DHL<\/p>\n<p>&nbsp;<\/p>\n<p>Demn\u00e4chst folgen hier weitere Produkte aus Polyacryl bzw. Polystyrol.<\/p>\n<p>&nbsp;<\/p>\n<p>Bitte bestellen Sie per E-Mail oder Telefon:<\/p>\n<p><a title=\"E-Mail-Adresse\" href=\"mailto:info@uk-agentur.de\">info\u2202uk-agentur.de<\/a><\/p>\n<p>Tel.: +49 221 374006<\/p>\n","protected":false},"excerpt":{"rendered":"<p>Acryl + Styrol Aufsteller haben eine erhebliche Bedeutung bei der Pr\u00e4sentation von Druckerzeugnissen. Ihre Einsatzm\u00f6glichkeiten sind vielf\u00e4ltig: in Handreichweite vor Eingangst\u00fcren als Wand-Boxen mit regensicherer Klappe f\u00fcr Flyer, als Aufsteller auf Tresen oder Besprechungstischen f\u00fcr Brosch\u00fcren, Folder und Flyer und und und. Die Artikel bestehen aus Polyacryl bzw. Polystyrol. Das Motto bei der Produktion: funktionelles [&hellip;]<\/p>\n","protected":false},"author":1,"featured_media":0,"parent":10,"menu_order":4,"comment_status":"open","ping_status":"open","template":"","meta":[],"_links":{"self":[{"href":"https:\/\/disline.de\/index.php?rest_route=\/wp\/v2\/pages\/23"}],"collection":[{"href":"https:\/\/disline.de\/index.php?rest_route=\/wp\/v2\/pages"}],"about":[{"href":"https:\/\/disline.de\/index.php?rest_route=\/wp\/v2\/types\/page"}],"author":[{"embeddable":true,"href":"https:\/\/disline.de\/index.php?rest_route=\/wp\/v2\/users\/1"}],"replies":[{"embeddable":true,"href":"https:\/\/disline.de\/index.php?rest_route=%2Fwp%2Fv2%2Fcomments&post=23"}],"version-history":[{"count":9,"href":"https:\/\/disline.de\/index.php?rest_route=\/wp\/v2\/pages\/23\/revisions"}],"predecessor-version":[{"id":112,"href":"https:\/\/disline.de\/index.php?rest_route=\/wp\/v2\/pages\/23\/revisions\/112"}],"up":[{"embeddable":true,"href":"https:\/\/disline.de\/index.php?rest_route=\/wp\/v2\/pages\/10"}],"wp:attachment":[{"href":"https:\/\/disline.de\/index.php?rest_route=%2Fwp%2Fv2%2Fmedia&parent=23"}],"curies":[{"name":"wp","href":"https:\/\/api.w.org\/{rel}","templated":true}]}}